26. Give v(-5).
76
Let y(g) = 7663*g - 46433. Calculate y(6).
-455
Let h(c) = 2*c**3 + 3*c**2 - 8218*c - 32873. What is h(-4)?
-81
Let u(w) = -12*w**2 - 207*w + 167968. Give u(110).
-2
Let a(b) = 2148*b - 15062. Calculate a(7).
-26
Let l(z) = 563*z + 13698. Give l(-26).
-940
Let v(s) = -3*s**3 + 52*s**2 - 146*s + 78. Give v(14).
-6
Let f(i) = 2*i**3 + 37*i**2 + 13*i + 65. Give f(-7).
1101
Let a(l) = -49825*l - 49819. Give a(-1).
6
Let w(m) = 5*m**2 - 98*m - 177. Calculate w(20).
-137
Let t(m) = -2058*m + 115. Give t(0).
115
Let s(x) = 26047*x - 104091. Calculate s(4).
97
Let k(i) = -6508*i**2 + 45573*i - 127. What is k(7)?
-8
Let g(y) = -1225*y + 75889. Calculate g(62).
-61
Let b(i) = 3*i**3 - 601*i**2 - 2864*i - 1301. What is b(205)?
-71
Let t(l) = -l**3 - 285*l**2 - 870*l - 6602. What is t(-282)?
166
Let x(v) = -4*v**3 - 193*v**2 + 149*v - 94. Determine x(-49).
-192
Let g(x) = 19678*x + 10035787. Calculate g(-510).
7
Let l(c) = 2*c**3 + 210*c**2 - 423*c - 22099. What is l(-106)?
267
Let r(k) = -7158*k + 23. Determine r(0).
23
Let t(p) = p**3 + 41*p**2 - 288*p + 353. What is t(-47)?
635
Let x(j) = 19113*j + 554550. Give x(-29).
273
Let z(m) = 402*m**2 - 4792*m - 372. Calculate z(12).
12
Let y(u) = u**3 - 321*u**2 + 339*u - 6082. Give y(320).
-2
Let t(y) = 3*y**3 + 17*y**2 - 29*y - 2. What is t(-7)?
5
Let m(y) = 8965*y - 187343. Determine m(21).
922
Let w(d) = -160694*d - 1446157. Determine w(-9).
89
Let d(o) = -o**3 + 597*o**2 + 573*o + 15141. Calculate d(598).
191
Let v(j) = j**3 + 12*j**2 + 29594*j + 384896. Calculate v(-13).
5
Let r(g) = 3*g**3 + 233*g**2 + 98*g - 4192. Calculate r(-77).
120
Let t(b) = b**3 - 4*b**2 - 2688*b - 13427. Calculate t(-5).
-212
Let a(s) = 5102*s - 40840. Give a(8).
-24
Let x(j) = 191*j + 10977. What is x(-52)?
1045
Let j(t) = t**2 - 8272*t - 249057. Give j(-30).
3
Let a(x) = -290167*x - 8414816. Calculate a(-29).
27
Let i(m) = -8*m**2 + 146*m - 1305. What is i(9)?
-639
Let h(u) = -11*u**2 - 179*u - 596. Give h(-13).
-128
Let z(u) = -u**2 + 17*u + 32. What is z(13)?
84
Let a(u) = u**3 + 4835*u**2 + 57873*u - 14. Give a(-12).
22
Let q(w) = -w**3 - 7*w**2 - 118*w - 539. Give q(-5).
1
Let j(l) = 98*l + 2482. Determine j(-41).
-1536
Let s(r) = r**3 - 26*r**2 + 64*r - 435. What is s(25)?
540
Let m(j) = 3*j**2 - 1087*j + 24002. What is m(23)?
588
Let y(g) = 17*g**2 + 14241*g + 14235. Give y(-1).
11
Let f(l) = 3114*l - 59173. What is f(19)?
-7
Let t(y) = y**3 + 23*y**2 - 35*y - 220. Give t(-24).
44
Let f(d) = -2*d**3 + 33*d**2 + 221*d + 316. What is f(-8)?
1684
Let m(y) = -y**3 - 81*y**2 + 563*y - 4654. What is m(-88)?
10
Let h(b) = -26709*b**2 - 80165*b - 1. Determine h(-3).
113
Let z(a) = -a**3 + 65*a**2 - 1236*a + 10320. Calculate z(41).
-12
Let v(a) = 1814*a - 547824. Determine v(302).
4
Let s(c) = -3*c**3 - 86*c**2 - 875*c - 3293. Calculate s(-12).
7
Let h(x) = x - 685. Calculate h(24).
-661
Let c(q) = -5519*q - 380929. What is c(-69)?
-118
Let x(b) = 4688*b - 923542. Determine x(197).
-6
Let j(u) = 3957*u**2 + 2215929*u + 5040. Give j(-560).
0
Let t(u) = -4581*u - 962. What is t(-1)?
3619
Let m(j) = -5*j**2 - 198*j + 54. Calculate m(-49).
-2249
Let l(v) = -2*v**2 + 244986*v + 1469969. Give l(-6).
-19
Let b(q) = -q**2 - 47*q + 7677. Calculate b(-114).
39
Let x(h) = 452350*h + 4071154. What is x(-9)?
4
Let z(g) = g**2 + 1672*g - 21919. Give z(13).
-14
Let q(d) = -6*d**2 - 1399*d - 6931. What is q(-228)?
137
Let q(r) = -r**3 - 187*r**2 - 3042*r - 6. Determine q(-18).
-6
Let z(m) = -2*m**3 + 414*m**2 + 425*m - 1939. Determine z(208).
-67
Let m(r) = r**2 + 11258*r + 515752. What is m(-46)?
0
Let h(l) = l**3 - 654*l**2 + 11709*l - 166000. What is h(636)?
-4
Let j(d) = -d**3 - 21*d**2 - 36*d + 931. What is j(-16)?
227
Let m(a) = -a**3 + 25*a**2 + 351*a - 1703. Determine m(34).
-173
Let b(c) = c**2 + 350*c - 652. Give b(-352).
52
Let d(i) = -10*i**2 - 266*i - 1117. Determine d(-5).
-37
Let t(c) = c**2 + 105*c - 7216. Give t(52).
948
Let y(p) = -1279*p - 1652. Calculate y(0).
-1652
Let w(l) = -4*l**3 + 307*l**2 + 34*l + 3306. Determine w(77).
-5
Let l(u) = -3*u**3 - 466*u**2 + 1299*u + 80703. Give l(-157).
5
Let c(k) = -17*k**2 + 466*k + 2318. Give c(-5).
-437
Let f(t) = 70*t**2 + 8315*t + 20. What is f(-119)?
1805
Let j(v) = v**3 - 27*v**2 - 1042*v + 28149. Calculate j(27).
15
Let o(a) = 4*a**3 + 170*a**2 + 59*a + 6234. Determine o(-43).
-1
Let w(y) = -311*y - 24883. Give w(-75).
-1558
Let i(r) = -30*r**2 - 4271*r - 25653. Calculate i(-6).
-1107
Let g(j) = 11*j**3 - 169*j**2 - 1589*j - 292. What is g(22)?
82
Let m(y) = 4*y**2 - 257*y - 2607. What is m(-10)?
363
Let d(n) = n**3 + 81*n**2 + 327*n + 54. What is d(-4)?
-22
Let l(a) = a**3 - 12*a**2 - 4*a + 46. Determine l(-6).
-578
Let u(z) = 11783*z + 70832. Calculate u(-6).
134
Let o(w) = 24196*w + 48395. Determine o(-2).
3
Let l(n) = 464*n**2 - 798*n - 28316. Calculate l(-7).
6
Let i(b) = 88*b + 472. Calculate i(-6).
-56
Let p(u) = u**3 - 18*u**2 - 407*u - 964. Give p(-11).
4
Let j(w) = 369*w - 1271. Determine j(6).
943
Let g(y) = -1711*y - 132564. Give g(-77).
-817
Let i(d) = 66947*d - 20820507. What is i(311)?
10
Let m(p) = p**3 + 69*p**2 - 2222*p + 1092. Determine m(-93).
162
Let p(x) = 4432*x - 17597. Give p(4).
131
Let y(g) = 55414*g + 166297. Determine y(-3).
55
Let l(a) = 44*a + 8099. Determine l(-188).
-173
Let y(u) = 11029*u + 441178. Give y(-40).
18
Let d(t) = -t**2 + 147*t + 3971. Determine d(-23).
61
Let l(u) = -36*u**2 + 432*u - 2142. Calculate l(7).
-882
Let t(j) = -j**2 - 145333*j - 8716351. Calculate t(-60).
29
Let m(h) = -17*h**3 + 5*h**2 + 714*h - 2138. Calculate m(3).
-410
Let u(j) = 876*j - 4529. Calculate u(5).
-149
Let w(f) = 8*f**3 + 22*f**2 - 46*f - 54. Calculate w(7).
3446
Let w(h) = -421*h - 65. Give w(-2).
777
Let d(o) = 21*o**2 + 5201*o + 30314. Calculate d(-6).
-136
Let o(v) = v**3 - 523*v**2 + 5120*v + 81. Give o(10).
-19
Let o(j) = -80*j**2 - 17520*j - 90. Determine o(-219).
-90
Let t(k) = k**2 + 10611*k + 95514. Give t(-9).
96
Let x(j) = j**3 - 31*j**2 + 156*j - 3796. Determine x(30).
-16
Let t(h) = -6*h**3 - 44*h**2 + 301*h + 2097. Give t(-6).
3
Let n(m) = m**3 + 43*m**2 - 135*m + 41. Determine n(-46).
-97
Let g(a) = -6128*a + 649552. Determine g(106).
-16
Let h(r) = -1034*r - 384115. Calculate h(-372).
533
Let a(i) = -470*i**2 - 2777*i + 321. Determine a(-6).
63
Let k(v) = -3*v**2 + 520*v - 4405. Give k(9).
32
Let d(u) = u**3 - 175*u**2 + 1032*u - 3016. What is d(169)?
26
Let s(d) = -d**3 - 53*d**2 - 175*d - 3642. What is s(-51)?
81
Let r(s) = -s**3 - 40*s**2 + 3658*s + 7414. What is r(-83)?
27
Let t(g) = g**2 + 1302*g - 19721. Give t(15).
34
Let p(f) = f**3 + 17*f**2 + 1017*f + 22950. What is p(-21)?
-171
Let s(w) = 11*w - 645. Give s(-62).
-1327
Let u(c) = c**3 - 445*c**2 - 87*c - 160171. Give u(446).
-57
Let s(w) = -w**2 - 178*w - 6852. Give s(-56).
-20
Let k(s) = -s**3 - 12*s**2 - 61*s - 515. What is k(-14)?
731
Let l(d) = -18*d**2 + 1984*d - 31482. Calculate l(91).
4
Let b(s) = -7676*s - 7709. Determine b(-1).
-33
Let s(m) = -78*m + 7891. Calculate s(102).
-65
Let m(j) = 2022*j + 1457853. What is m(-721)?
-9
Let y(s) = 2682*s - 24125. Give y(9).
13
Let m(f) = -7*f**2 + 772*f + 17503. Calculate m(130).
-437
Let x(r) = -33*r**3 + 1751*r**2 - 127*r + 1093. Calculate x(53).
-20
Let u(j) = j**3 + 463*j**2 - 753720*j - 11304. Determine u(-1130).
-4
Let n(d) = 40*d - 226. Give n(4).
-66
Let n(g) = 17*g**2 + 1192*g - 81. Calculate n(-71).
984
Let m(k) = -43234*k + 994379. Calculate m(23).
-3
Let c(o) = -3*o**3 - 54*o**2 - 319*o - 5746. Determine c(-18).
-4
Let y(r) = -4*r**3 + 233*r**2 + 217*r - 2364. What is y(59)?
-4
Let f(j) = -j**2 - 1703*j - 170751. Calculate f(-107).
21
Let r(c) = 18*c**3 + 32*c**2 - 76*c - 127. Give r(-2).
9
Let h(d) = 1835*d + 77. Determine h(0).
77
Let g(f) = -19322*f - 18863. Give g(-1).
459
Let a(m) = 58*m**2 + 1307*m - 2058. Give a(-24).
-18
Let i(x) = 4308*x - 51620. Calculate i(12).
76
Let t(u) = 1603*u - 23165. Calculate t(12).
-3929
Let d(w) = w**2 + 1661*w + 680876. Calculate d(-738).
-298
Let l(t) = -12*t**3 - 426*t**2 + 261*t + 1309. Give l(-36).
-311
Let i(z) = -762*z - 20272. Calculate i(-27).
302
Let q(u) = 1579*u + 5365. Determine q(-3).
628
Let p(u) = 5*u**3 - 505*u**2 - 7*u + 717. Determine p(101